-6). Let v be 2 + c - 2 - -3. Let n(s) = 23 + 25 - 58 + s. Calculate n(v).
-5
Let b = 798 + -795. Let r(q) = -q**3 + 3*q**2 + 3*q - 12. Give r(b).
-3
Let m(c) = -2*c**2 - 5*c - 11. Let i(h) = -539*h - 6471. Let f be i(-12). Determine m(f).
-14
Let u(f) = f**3 + f**2 + 2. Let d(i) = -6*i**3 - 16*i**2 + 19*i - 13. Let t(y) = d(y) + 7*u(y). What is t(5)?
-4
Let w(d) = -d - 1 - 2 + 3*d. Suppose -44*i + 49*i - y + 22 = 0, 5*y - 18 = 2*i. Calculate w(i).
-11
Let i(n) = -4*n - 56. Let g be 2 - 8 - 33/((-726)/(-44)). Give i(g).
-24
Let r(v) = -v**3 - v**2 - v - 1. Suppose 5*k - a + 17 = 0, 0 = -k - 4*a + a + 3. Let d(t) = 2*t**3 - 7*t**2 + 2*t + 9. Let n(q) = k*r(q) - d(q). Give n(-10).
-16
Let c(h) = -2*h - 15. Let k be ((-6)/(-15))/(5/50). Let m be 5/k*(-81 - -73). Calculate c(m).
5
Let a(x) = 3 + 5*x + 2*x**2 - 1 + 2*x**3 - x - x**3. Suppose -659*t + 78 = -698*t. Calculate a(t).
-6
Let x = -197 - -276. Let h = x - 77. Let d(l) = -10*l. Let j(u) = -u. Let b(q) = 2*d(q) - 22*j(q). Calculate b(h).
4
Let f(t) = -t**2 - 20*t - 47. Let y be f(-25). Let k be (-12)/18 + y/(-6). Let v = 30 - k. Let a(j) = 2*j**2 + j - 2. Calculate a(v).
8
Let m(c) be the first derivative of c**5/60 - c**4/12 + 20*c**3/3 + 24. Let x(j) be the third derivative of m(j). What is x(-7)?
-16
Let r(q) = 21*q - 53. Let v(s) = -16*s + 60. Let k(t) = 2*r(t) + 3*v(t). Calculate k(12).
2
Let p(y) = -4*y**2 + 3*y - 3*y - y. Let q = -76 + 77. Let g(k) = -k. Let d(v) = q*g(v) - p(v). Give d(-1).
4
Let o be 14/(-3) + (-2)/(-3). Let p(z) be the third derivative of z**5/30 + z**4/4 + 2*z**3/3 - 821*z**2. Calculate p(o).
12
Let n(h) = h**3 - 7*h**2 + 6*h - 3. Let x(g) = 4*g + 2. Let z be x(37). Let i be 3/(-30) + 915/z. Calculate n(i).
-3
Let u be 6 - (6/(-5))/(9/30). Let x(r) = -r**3 + 11*r**2 + 2*r - 8. Let s be x(u). Let n = -109 + s. Let q(t) = 2*t + 3. Give q(n).
9
Let y(i) = -17 + 2*i**2 + 2*i**3 + 31 - 3*i**3 + 4*i - 18. Let b be (-44)/(-2) + (2 - 6). Suppose -6*o + b = -6. What is y(o)?
-20
Let w(t) be the second derivative of -t**3/3 + 19*t**2/2 + 26*t - 15. Determine w(13).
-7
Let q(w) = w**2 + 9*w + 5. Let p = 1339 - 429. Let s be 6/(-27) - p/117. What is q(s)?
-3
Let d be (-57)/(-21) - (-6)/21. Suppose u - d = -0. Let t(y) be the first derivative of -y**3/3 - y**2 + 2*y + 338. Give t(u).
-13
Let u(j) = -2*j - 17. Let c(l) = l + 9. Let s(x) = -5*c(x) - 3*u(x). Suppose 32 = 425*b - 417*b. Suppose 43*q = 41*q + t - 14, -4*q - b = 4*t. Give s(q).
1
Let u(h) be the second derivative of -h**3/2 - 88299*h. Let a(p) = p**2 + 5*p + 6. Let q be a(-4). Determine u(q).
-6
Let x(v) = -v**2 + 4*v - 8. Let d(q) = -2*q**2 + 42*q - 132. Let n be d(4). Give x(n).
-8
Let s(l) = 4 - 370199*l**2 + 0*l + 3*l + 370204*l**2. Give s(-5).
114
Let n(i) = -11*i - 1. Let b be (-174)/42 + (180/80)/((-21)/8). Determine n(b).
54
Let y(z) = z**2 + 21*z + 76. Let k be y(-12). Let q be (k - -35)*(14/(-6) + 2). Let w(o) = 6*o**3 + o**2 - 1. What is w(q)?
-6
Let s(h) = -85 + 55 + 15 + 10 - h. Suppose -5*c - 2*r - 30 = 17, 4*c - 4*r + 60 = 0. Calculate s(c).
6
Let r(j) = j**3 + 3*j**2 + 9*j + 4. Let h(s) = -s**3 + 7*s**2 - 12*s + 80. Let u be h(7). Calculate r(u).
-48
Let u(g) = -3 - 6 - 2 - 3*g. Let c be u(-5). Let v(s) = 2*s + 607 - 301 - 308. Calculate v(c).
6
Let g(f) = 4*f**2 - 2*f + 3. Let l(s) = 2*s - 2 - 5 - 7*s**2 + 4*s. Let r(m) = 5*g(m) + 3*l(m). Determine r(9).
-15
Let h be (-120)/(-28)*490/210. Let k(c) = c**3 - 10*c**2 - 3*c + 18. What is k(h)?
-12
Let m(v) = 2322 - 4661 - 6*v + 2293. What is m(-7)?
-4
Let q be 6/(-8) - (-156)/16. Suppose q*g + 8 = 7*g. Let w(f) = -1 - 4 + 16*f - 15*f. Determine w(g).
-9
Let t = 1286 - 1274. Let c(l) = -l**3 + 11*l**2 + 14*l + 18. Calculate c(t).
42
Let q be (-14)/(-4) - 0 - 1/(-2). Let v(m) = -q*m - 120 + 127 + 5*m. Determine v(-3).
4
Let x(p) be the third derivative of -7*p**6/60 - p**5/60 - p**4/24 + p**2. Let s(k) = 8*k**3 + 20*k**2 - 55*k - 29. Let o be s(-4). Give x(o).
14
Let i(f) = -2*f - 6. Let t be i(-6). Suppose 0 = -t*b + 3*b. Let c(k) = k + 14. Let y(o) = 3*o + 52. Let r(w) = -7*c(w) + 2*y(w). Calculate r(b).
6
Let b = 32 + -53. Let n = b - -29. Let v(z) be the second derivative of -z**4/12 + 7*z**3/6 + z**2 - z + 31119. Calculate v(n).
-6
Let i(w) = 3*w - 8. Let z be 2/19 - (-87)/(56202/(-7820)). Calculate i(z).
-44
Let z(s) be the second derivative of s**4/4 + 5*s**3/6 + 13*s**2/2 - 3*s. Let k be z(-4). Let n(x) = -30*x - 32*x + k*x + 1. Determine n(-1).
22
Let m(n) = 2*n**2 - 3*n + 1. Let f be m(2). Suppose -f*r - 3*g = 6, 4*g - 1 = 4*r - 17. Let k(w) be the second derivative of 5*w**3/6 + 14*w. Give k(r).
5
Let s(t) be the first derivative of -1/2*t**2 + 12*t + 201. What is s(17)?
-5
Let g(u) = -4*u + 1. Let r be 5/(-15)*15*11. Let m be 3 - r/(-22) - 3/2. What is g(m)?
5
Suppose -79*k - 805 = 88*k - 2141. Let g(u) = 2*u**2 - 18*u - 6. Determine g(k).
-22
Suppose 3*o - 153 = 2*l, 130*l = -9*o + 127*l + 432. Let q(k) = -k**2 + 46*k + 145. Give q(o).
-2
Let m(v) = 8*v - 20*v + 29 + 77 + 9*v. Give m(36).
-2
Let f be (-7)/(-1)*12/42. Let j be ((-4)/3 + f)*96. Let u(n) = n + j - 66 + 0*n. What is u(7)?
5
Let u(m) = 2 - m + 2*m + 4. Suppose 306*o + 594 - 544 = 2498. Calculate u(o).
14
Let v(l) be the first derivative of -l**3/3 - l**2/2 - 4*l - 47. Let r(c) = 3*c + 9. Let a(j) = 2*r(j) + 5*v(j). Give a(1).
-6
Let l(x) = 3*x - 24. Let i = 2880 - 2875. What is l(i)?
-9
Let r = -40 - -2. Let s be (1/(2/r))/(-1). Suppose -2*z = -s + 13. Let y(j) = 2*j + 1. Calculate y(z).
7
Let x(o) be the first derivative of 5*o**3/3 + o**2/2 + 6*o - 18. Let p(g) = g**2 + 1. Let c(w) = -4*p(w) + x(w). Give c(-4).
14
Suppose 16*g = -297 + 105. Let k(i) = i**3 + 13*i**2 + 15*i + 30. Give k(g).
-6
Let q(f) = 71*f - 17. Let t(x) = -86*x + 20. Let j(p) = 6*q(p) + 5*t(p). Determine j(7).
-30
Let q(c) = 3 - 2*c - c**3 - 4*c + 8*c**2 - 6. Let g = 1471 + -1475. Let s be g + (-56)/(-7) + -1 + 4. Determine q(s).
4
Let w(k) = -k + 544*k**2 - 3 + 4*k + 550*k**2 - 1095*k**2 - 6*k. Calculate w(4).
-31
Let r(v) = -40*v - 69 - 48*v + 3*v**2 - 2*v**2 - 37*v + 135*v. Determine r(5).
6
Let i(f) be the third derivative of -f**6/120 + 3*f**5/20 - 3*f**4/8 + f**3/6 - 17*f**2. Suppose -7 = 4*h - 39. Give i(h).
-7
Let u(d) = 461*d**3 - 3 - 462*d**3 + 15*d**2 - 10*d - 6. Calculate u(14).
47
Let t(k) = k**2 + 61*k + 285. Suppose 0 = 8786*a - 8744*a + 210. Determine t(a).
5
Suppose -4*s = 5*j + s - 15, -5 = 5*s. Suppose 0 = i + 2*v - j, -3*v + 7 = 4*i - 4. Let m(b) = 2 - b + b**3 - 2*b**2 + 0 + b**3. Determine m(i).
8
Let x = -107 - -64. Let g = 66 + x. Let f(i) = 28 + i**3 - 2*i**3 - g. Determine f(0).
5
Let v(g) = g**2 - g - 6. Suppose r = -9*m + 7*m - 1, 16 = 4*r - 2*m. Suppose 5*l = -l - r*l. Calculate v(l).
-6
Let l(o) = 105*o - 2302. Let u be l(22). Let q(n) = 2*n**2 + 9*n + 71 - 75 - 3*n**2. Determine q(u).
4
Let s(w) = -3*w**3 + 4*w**2 + 36*w + 0*w**3 + 5 + 28*w + 30*w - 97*w. Calculate s(2).
-9
Let r(x) be the second derivative of x**3/6 - x**2 - 27*x - 6. Suppose 2*j + 2*j + 8 = 0. What is r(j)?
-4
Suppose 17706*h = 17713*h - 28. Let c(x) be the first derivative of -3*x**2/2 + 10*x - 11. Calculate c(h).
-2
Let v(f) = 20*f**2 - 21*f + 1. Suppose -7*y - t + 34 = 33, y = 3*t + 19. What is v(y)?
0
Let l(h) = -32*h - 8. Let a be l(-5). Let i = a - 154. Let m(n) = -2*n. Let c(b) = -10*b + 1. Let r(p) = 2*c(p) - 11*m(p). Determine r(i).
-2
Let w(i) = -7*i**2 - 14*i - 31. Let r(p) = 64*p**2 + 129*p + 284. Let x(n) = -6*r(n) - 55*w(n). Suppose -c - 40 = -3*d + 4*c, -3*d + 2*c + 25 = 0. What is x(d)?
6
Let q(f) = 5*f**3 - 5*f**2 - 19*f - 30. Let n(v) = 11*v**3 - 8*v**2 - 31*v - 60. Let i(h) = -4*n(h) + 9*q(h). Determine i(16).
-14
Let a = -157 + 205. Suppose -a*u - 18 = -57*u. Let m(o) = -2*o**3 + 3*o**2 - 2*o - 1. What is m(u)?
-9
Let p(o) = -o**2 - 61*o + 6. Let v(j) = -27*j + 4. Let b(h) = 3*p(h) - 7*v(h). Determine b(2).
-10
Let n(k) = -k**3 + k**2 + 5*k - 4. Let j be (56/49)/((-10)/(-1855)). Let v = -209 + j. What is n(v)?
-7
Let w be 1/4 + -3 + (-1053)/52. Let n(d) = 5*d + 103. Determine n(w).
-12
Let c(v) = 5*v + 1 - 4*v + 0 - v**2. Suppose 4*k - 36 = 4. Suppose 4*r = 4*w + 8, 4*r - 7*w = -9*w - k. Give c(r).
-1
Suppose 96 = 5*x - 3*x. Suppose -4*m - s + 46 = -4*s, -4*m + 4*s + x = 0. Let j be ((